- 6*w**2 + 2. Let r(s) = 5*c(s) + 6*o(s). Let z be r(-2). What are the prime factors of (-150)/z - (-2)/3?
3
Let g(c) = 5*c**3 - c**2 - 3*c - 1. What are the prime factors of g(6)?
5, 41
Let j be (0 - 0) + 2 + 0/(-5). Suppose j*z = -5*w - 0*w + 747, -2*z = -4*w + 612. What are the prime factors of w?
151
Let i(m) = 68*m - 10. What are the prime factors of i(23)?
2, 3, 7, 37
Suppose -545 = s - 6*s. Suppose 3*m = m + 4*l + 46, 4*l + s = 5*m. List the prime factors of m.
3, 7
What are the prime factors of ((-762)/(-8))/((-90)/(-480))?
2, 127
Suppose 2*w = 4*j + 114, -j + 341 = 5*w + 3*j. Suppose p + 2*x - w = 0, -6*x + 2*x = -3*p + 165. What are the prime factors of p?
59
Let k be (72/21)/((-183)/63 - -3). Suppose -4*m + 5*m - 20 = 0. Let g = k - m. List the prime factors of g.
2
Suppose 10*i = 19756 - 2866. What are the prime factors of i?
3, 563
Let x = -37 - -14. Suppose 2*c - 5*t + 49 = 0, c - 2*t = 2*t - 32. Let r = c - x. List the prime factors of r.
11
What are the prime factors of (6751/(-215))/((-2)/10)?
157
Let t = -34 + 30. Let p be 5/((-10)/t) + -4. Let f = 12 - p. What are the prime factors of f?
2, 7
What are the prime factors of 99/(2/((-880)/(-33)))?
2, 3, 5, 11
Let k = 30 + -28. Suppose k*a - 12 = -4*g, 2*a + a - 23 = -g. What are the prime factors of (10/a)/(4/96)?
2, 3, 5
Suppose -3*p = -2*p + 3. Let i = p - -3. Suppose i*s - 14 = -s. What are the prime factors of s?
2, 7
Let u be (-11)/(-4) + 1/4. Let c = u + 3. What are the prime factors of (-22)/6*(c - 9)?
11
Let s(p) be the third derivative of -p**4/24 + 3*p**3/2 - 12*p**2. Let a be s(3). Let r(j) = 2*j - 5. What are the prime factors of r(a)?
7
Let x(g) = -4*g + 15. Let b be x(5). What are the prime factors of (-3 - 11/(-2))*(-222)/b?
3, 37
Suppose 273*h - 263*h - 53880 = 0. List the prime factors of h.
2, 3, 449
Let o(h) = 101*h**3 + 1. Let m be o(-1). What are the prime factors of (m/(-3))/(10/15)?
2, 5
Let x(y) = 2*y**2 + 3*y**2 + 0*y**2 - 4*y**2 + 2*y + 1. Let g be x(-1). List the prime factors of 8 - g - (0 - 3).
11
Let z(g) = -g**3 - 10*g**2 - 8*g - 4. Let n be z(-7). Let j = n + 214. List the prime factors of 14/42 + j/3.
2, 5
Let l(t) = t**2 + 7*t + 75. Let w be l(-17). Suppose w = 3*v - 229. List the prime factors of v.
2, 79
Let p = 20 + -6. Suppose -4*i + p = 2*j, -5*i + j + 9 = -12. Suppose -i*g - 13 = -x - 2*g, -3*x + 23 = -2*g. List the prime factors of x.
5
Let k be (-2)/5 - (-245)/50*26. Suppose -4*g + 109 = -k. What are the prime factors of g?
59
Suppose g = -3*x + 4 + 5, -5*g + 6 = 2*x. Suppose 4*v - x*v = 16. Let f = v - -1. List the prime factors of f.
17
Suppose -a = -0*a - 15. Let d(n) = 8*n + 4. List the prime factors of d(a).
2, 31
Suppose 6127 + 1265 = 16*s. List the prime factors of s.
2, 3, 7, 11
Let g = 9672 - 6079. What are the prime factors of g?
3593
Let i = 391 - 60. List the prime factors of i.
331
Suppose 4*a = 32*a - 13636. What are the prime factors of a?
487
Let j be 4/(-26) + 112/52 + 2. Suppose 0*g = j*g - 252. List the prime factors of g.
3, 7
Let d = 1918 + -970. What are the prime factors of d?
2, 3, 79
Suppose 0*r = 8*r - 488. What are the prime factors of r?
61
Let f(l) be the second derivative of -l**5/20 + 5*l**4/12 + l**3/3 - 5*l**2 - 6*l. Let x be f(5). Suppose -u = -x*u - 19. What are the prime factors of u?
19
Let j(l) be the third derivative of 31*l**5/15 - l**4/12 - l**3/3 - 19*l**2. What are the prime factors of j(-1)?
2, 31
Suppose -3*m - 2*c = -14827, 19756 = -0*m + 4*m - 4*c. List the prime factors of m.
3, 61
Suppose -40*w = -18913 - 12887. What are the prime factors of w?
3, 5, 53
Let n = 447 - 259. What are the prime factors of n/7*56/16?
2, 47
Let x(h) = -h**2 - 9*h + 13. Let u be x(-10). Suppose -u*a + 2*n + 1074 = 137, -2*a - 3*n + 629 = 0. What are the prime factors of a?
313
Suppose -3 = -6*b + 9. What are the prime factors of (6 + -5)/(b/120)?
2, 3, 5
Suppose 3*x - 8 = 7. Let k be -92*(x/2)/(-1). Suppose -2*w - k = -7*w. List the prime factors of w.
2, 23
Let o = 341 - 227. What are the prime factors of o?
2, 3, 19
Let f = 216 - -792. What are the prime factors of f?
2, 3, 7
List the prime factors of 68215/42 + 2/(3*-4).
2, 7, 29
Let b = 681 + -291. What are the prime factors of b?
2, 3, 5, 13
Let d(a) be the third derivative of 3*a**6/40 - a**5/30 - 5*a**4/24 + 7*a**3/6 - 26*a**2. List the prime factors of d(2).
61
Suppose -2*w - 10 = -3*v - 0*w, -3*w = 5*v + 15. Suppose v = -5*z + 10. Suppose 0*a = z*a + 3*g - 41, 3*a - 52 = 5*g. List the prime factors of a.
19
Suppose -77 = -2*w + 145. What are the prime factors of w?
3, 37
Let v = 2670 + -1545. What are the prime factors of v?
3, 5
What are the prime factors of (-7 + 34/4)/(2/116)?
3, 29
Suppose 0*f + f - 64 = 0. Suppose -4*s = 79 - 235. Let v = f - s. What are the prime factors of v?
5
Let f(m) = m**3 + 31*m**2 + 31*m + 75. Let r be f(-30). What are the prime factors of ((-80)/r)/(-8) + (-1544)/(-18)?
2, 43
Let d = -29 - -109. What are the prime factors of d?
2, 5
Let n = -130 + 403. What are the prime factors of n?
3, 7, 13
Let b(l) = 4*l**2 - 7*l - 12. List the prime factors of b(-7).
233
Let z be -5*(12/5 + -2). Suppose -2*s + 3*s - 16 = 0. What are the prime factors of 3 + 0 + s - z?
3, 7
Let j = 11 - 14. Let l(z) = z - 1. Let g be l(j). What are the prime factors of (-13)/(-2) + (-2)/g?
7
Suppose -2*h + 2*b - 48 = 0, 3 = -5*h + b - 97. Let o be 35/(-14)*(h + 1). Suppose x = s - 2, -4*x = 4*s - o - 3. What are the prime factors of s?
7
Let h(k) be the first derivative of 6*k**3 + k**2 - k - 11. List the prime factors of h(1).
19
Let i = -247 + 361. Let y = -49 + i. What are the prime factors of y?
5, 13
Let c(d) = d**2 - d + 1. Let a be c(0). Let f be (a - 1 - 0) + 50. Let q = f + -16. What are the prime factors of q?
2, 17
Let n = 5685 + -1663. What are the prime factors of n?
2, 2011
Let t(m) be the second derivative of -m**5/20 + 7*m**4/12 - 5*m**3/6 - 3*m**2 + 307*m. Let p = 13 - 8. List the prime factors of t(p).
19
Let b = 32 + -26. What are the prime factors of (-1 + -83)*(-4)/b?
2, 7
Let j = 1176 - 752. What are the prime factors of j?
2, 53
Suppose 3*d + 498 = 5*j, 2*j + 0*d = d + 199. What are the prime factors of j?
3, 11
Let u(c) = 11*c + 2. Let z be u(24). Let d = z + -94. List the prime factors of d.
2, 43
Let k be 1 + (5 - 1) + 0. Let m be 2/2 + 6/2. Suppose k*j - 131 = m*v, 105 = 6*j - 2*j - 3*v. What are the prime factors of j?
3
Let s = -3567 - -7117. List the prime factors of s.
2, 5, 71
Let y(g) = 6*g**2 - 2*g - 2. Let p be 48*(0 - (-1)/1). Let n be p/22 - (-2)/(-11). List the prime factors of y(n).
2, 3
Let n = 2253 - 206. What are the prime factors of n?
23, 89
Let n(h) = -h**3 + 3*h**2 + 10*h + 2. Let a be n(5). Let x(p) = p**3 + 3*p**2 - 5. What are the prime factors of x(a)?
3, 5
Suppose 5*x - 3*r = 119, -r + 31 = 5*x - 76. Suppose -x*o + 219 = -19*o. What are the prime factors of o?
73
Let g(m) = 13*m**3 + m. Let u(v) = -v + 3. Let h be u(2). What are the prime factors of g(h)?
2, 7
Let c(u) be the third derivative of -7*u**4/8 + u**3/6 - u**2. Let y be c(1). Let m = 39 + y. List the prime factors of m.
19
Let k be (-25 - -3) + 4 + -2. Let j = 26 + k. What are the prime factors of ((-2)/j)/((-1)/138)?
2, 23
Let j = 4276 - 3021. Suppose 0 = 23*n - 18*n - j. What are the prime factors of n?
251
Let p(q) be the first derivative of 11*q**3/3 + 2*q**2 + 2*q + 2. Let w be p(-2). Suppose w + 16 = 2*o. What are the prime factors of o?
3
List the prime factors of 4 + (2203 - 30/6).
2, 3, 367
Let r(a) = -28 - 22*a - 2*a + 5*a. What are the prime factors of r(-10)?
2, 3
List the prime factors of 611730/224 + (-3)/(-48).
2731
Suppose -r = 5*o - 5916, -3*r = -2*o + 3125 - 762. List the prime factors of o.
7, 13
Let l(f) = -37*f**3 + 5*f + 4. Let j be l(-2). Let s = j + -119. List the prime factors of s.
3, 19
Suppose -h = 5*j + 16, -5*h + h + 5*j - 189 = 0. Let y = h + 59. Suppose q = 2*q - y. List the prime factors of q.
2, 3
Let v(o) = -3*o - 15. Let u be v(-6). Suppose 0 = -8*s + u*s. Suppose s = 3*i - n - 4*n - 79, 2*n = -3*i + 65. What are the prime factors of i?
23
Let o(m) = -m**3 + m**2 - m. Let a(w) = 4*w**3 - w**2 - w - 2. Let n(v) = a(v) + 3*o(v). Let u be n(-3). List the prime factors of ((-23)/u)/(-1*1).
23
Let v = -47 